699.
3, 23, 199
What are the prime factors of 4635624?
2, 3, 7, 41, 673
What are the prime factors of 17150817?
3, 47, 121637
List the prime factors of 347631.
3, 115877
What are the prime factors of 2707201?
7, 55249
What are the prime factors of 2189816?
2, 273727
What are the prime factors of 2356117?
359, 6563
List the prime factors of 169637.
13, 13049
What are the prime factors of 333371?
41, 47, 173
What are the prime factors of 155098?
2, 77549
What are the prime factors of 1571850?
2, 3, 5, 7, 499
List the prime factors of 1020563.
89, 11467
What are the prime factors of 4491544?
2, 73, 7691
List the prime factors of 5561502.
2, 3, 53, 17489
List the prime factors of 817965.
3, 5, 73, 83
List the prime factors of 488673.
3, 2011
List the prime factors of 246560.
2, 5, 23, 67
What are the prime factors of 3443151?
3, 1147717
List the prime factors of 723250.
2, 5, 11, 263
List the prime factors of 2409646.
2, 1204823
What are the prime factors of 1280980?
2, 5, 19, 3371
List the prime factors of 31184880.
2, 3, 5, 129937
What are the prime factors of 141163?
11, 41, 313
List the prime factors of 193654.
2, 96827
List the prime factors of 16504562.
2, 109, 75709
What are the prime factors of 5277284?
2, 1319321
List the prime factors of 3254054.
2, 19, 4507
What are the prime factors of 363989?
363989
List the prime factors of 2824903.
2824903
List the prime factors of 4508184.
2, 3, 23, 8167
What are the prime factors of 7640809?
11, 694619
List the prime factors of 237703.
467, 509
List the prime factors of 930569.
930569
List the prime factors of 3360763.
7, 107, 641
List the prime factors of 411997.
59, 6983
What are the prime factors of 23515973?
13, 1808921
What are the prime factors of 1503882?
2, 3, 29, 43, 67
What are the prime factors of 9006547?
11, 23, 97, 367
List the prime factors of 476530.
2, 5, 47653
List the prime factors of 797525.
5, 19, 23, 73
What are the prime factors of 446377?
71, 6287
What are the prime factors of 607733?
7, 17, 5107
What are the prime factors of 469188?
2, 3, 13033
List the prime factors of 2364442.
2, 71, 16651
What are the prime factors of 100609?
100609
What are the prime factors of 16528831?
11, 1502621
List the prime factors of 845719.
7, 120817
List the prime factors of 297840.
2, 3, 5, 17, 73
What are the prime factors of 652431?
3, 13, 16729
What are the prime factors of 336896?
2, 7, 47
What are the prime factors of 641860?
2, 5, 67, 479
What are the prime factors of 2596064?
2, 31, 2617
List the prime factors of 747455.
5, 149491
List the prime factors of 173618.
2, 47, 1847
List the prime factors of 7123613.
7, 19, 2819
What are the prime factors of 2058464?
2, 64327
What are the prime factors of 1279337?
1279337
What are the prime factors of 13458418?
2, 6729209
List the prime factors of 90818.
2, 7, 13, 499
What are the prime factors of 6001771?
2423, 2477
What are the prime factors of 9251737?
11, 467, 1801
List the prime factors of 513836.
2, 19, 6761
List the prime factors of 694209.
3, 23, 10061
List the prime factors of 53264.
2, 3329
What are the prime factors of 40610478?
2, 3, 6768413
What are the prime factors of 597166?
2, 298583
List the prime factors of 2835.
3, 5, 7
What are the prime factors of 2189904?
2, 3, 43, 1061
List the prime factors of 488458.
2, 283, 863
List the prime factors of 3737970.
2, 3, 5, 41, 1013
What are the prime factors of 741743?
283, 2621
List the prime factors of 1700409.
3, 37, 15319
What are the prime factors of 1003585?
5, 11, 71, 257
List the prime factors of 5675784.
2, 3, 173, 1367
List the prime factors of 1302871.
89, 14639
What are the prime factors of 10341298?
2, 11, 470059
List the prime factors of 1577732.
2, 13, 30341
What are the prime factors of 14198355?
3, 5, 105173
List the prime factors of 919924.
2, 229981
List the prime factors of 71396.
2, 13, 1373
What are the prime factors of 14809686?
2, 3, 17, 145193
List the prime factors of 2198712.
2, 3, 17, 317
List the prime factors of 839888.
2, 7, 7499
What are the prime factors of 271728?
2, 3, 17, 37
List the prime factors of 3333550.
2, 5, 11, 19, 29
List the prime factors of 8179975.
5, 17, 19, 1013
What are the prime factors of 9757708?
2, 2439427
What are the prime factors of 1100932?
2, 7, 41, 137
List the prime factors of 6258304.
2, 13, 3761
List the prime factors of 392221.
392221
What are the prime factors of 10152175?
5, 11, 19, 29, 67
What are the prime factors of 1526503?
11, 73, 1901
List the prime factors of 226734.
2, 3, 23, 31, 53
What are the prime factors of 24387643?
7, 97, 733
List the prime factors of 1065566.
2, 532783
List the prime factors of 436421.
29, 101, 149
What are the prime factors of 441586?
2, 220793
What are the prime factors of 9025628?
2, 557, 4051
List the prime factors of 145604.
2, 89, 409
List the prime factors of 335791.
29, 11579
List the prime factors of 11485848.
2, 3, 11, 139, 313
What are the prime factors of 566803?
37, 15319
What are the prime factors of 40168376?
2, 67, 74941
What are the prime factors of 217212?
2, 3, 23, 787
List the prime factors of 1106768.
2, 13, 17, 313
What are the prime factors of 28123?
28123
List the prime factors of 116811.
3, 12979
What are the prime factors of 41685?
3, 5, 7, 397
List the prime factors of 4797635.
5, 109, 8803
List the prime factors of 488167.
19, 25693
List the prime factors of 13229376.
2, 3, 68903
List the prime factors of 517156.
2, 129289
List the prime factors of 30072.
2, 3, 7, 179
List the prime factors of 48673.
48673
List the prime factors of 979752.
2, 3, 40823
What are the prime factors of 254008?
2, 31751
What are the prime factors of 114642?
2, 3, 11, 193
What are the prime factors of 631295?
5, 7, 17, 1061
What are the prime factors of 15031957?
593, 25349
What are the prime factors of 9873?
3, 1097
List the prime factors of 363385.
5, 11, 6607
List the prime factors of 425978.
2, 7, 30427
List the prime factors of 182575.
5, 67, 109
What are the prime factors of 554181?
3, 184727
What are the prime factors of 150406?
2, 157, 479
List the prime factors of 26571046.
2, 113, 117571
List the prime factors of 15286050.
2, 3, 5, 13, 67
List the prime factors of 188655.
3, 5, 12577
What are the prime factors of 11345?
5, 2269
What are the prime factors of 419696?
2, 17, 1543
List the prime factors of 13772515.
5, 23, 41, 127
What are the prime factors of 3584596?
2, 23, 47, 829
List the prime factors of 6256594.
2, 67, 46691
List the prime factors of 116840.
2, 5, 23, 127
List the prime factors of 1912017.
3, 637339
List the prime factors of 58889.
58889
List the prime factors of 937491.
3, 137, 2281
What are the prime factors of 62807?
181, 347
List the prime factors of 16366596.
2, 3, 1363883
List the prime factors of 7361630.
2, 5, 857, 859
What are the prime factors of 1346?
2, 673
What are the prime factors of 402680?
2, 5, 10067
What are the prime factors of 169288?
2, 7, 3023
What are the prime factors of 10339743?
3, 19, 181399
What are the prime factors of 1070518?
2, 137, 3907
What are the prime factors of 193583?
13, 14891
List the prime factors of 10675896.
2, 3, 7, 11, 53, 109
List the prime factors of 3226934.
2, 631, 2557
List the prime factors of 503951.
7, 71993
List the prime factors of 284535.
3, 5, 6323
List the prime factors of 339288.
2, 3, 67, 211
List the prime factors of 1265087.
1265087
List the prime factors of 712.
2, 89
List the prime factors of 2218483.
17, 37, 3527
What are the prime factors of 18954781?
103, 163, 1129
List the prime factors of 52512.
2, 3, 547
What are the prime factors of 517462?
2, 11, 43, 547
What are the prime factors of 387728?
2, 11, 2203
List the prime factors of 1137489.
3, 379163
List the prime factors of 286209.
3, 7, 11, 59
What are the prime factors of 94828?
2, 151, 157
What are the prime factors of 313160?
2, 5, 7829
What are the prime factors of 77129?
13, 17, 349
What are the prime factors of 1330167?
3, 443389
List the prime factors of 796683.
3, 265561
List the prime factors of 430069.
373, 1153
List the prime factors of 288759.
3, 101, 953
List the prime factors of 659958.
2, 3, 13, 8461
List the prime factors of 916635.
3, 5, 53, 1153
List the prime factors of 2207581.
2207581
List the prime facto